3. Let b be j(-7). Calculate the greatest common factor of b and 1015.
145
Suppose 54 = y - 0*y. Suppose -4*p + 5*g + 46 = 0, -2*p + 337*g = 340*g + 10. What is the greatest common divisor of p and y?
2
Let k be 1/2 - (-92)/8. Let p be 2*(6 + (-12)/8). Suppose -378 = -p*j - 162. Calculate the greatest common divisor of k and j.
12
Suppose 5*x + 1170 = 4*i, 22*i - 3*x - 5148 = 4*i. What is the greatest common divisor of 255 and i?
15
Suppose 8 = -5*u + u. Let l be (10/(-30))/(u/30). Suppose -l*k = 4*i - 33, 5*k = -0*k + 3*i + 54. Calculate the greatest common factor of 63 and k.
9
Suppose -22*n = -57 + 13. Let y be 15 + 12/n + -6. What is the highest common divisor of y and 195?
15
Let w = 98 + -92. Let i be 6/(-9) + 592/w. Calculate the highest common factor of 147 and i.
49
Let o = -23 - -133. Suppose -337*j + 23*j = -51810. Calculate the greatest common divisor of j and o.
55
Let x(u) = 4*u - 69. Suppose 16*q = 33 + 95. Suppose 329 - 105 = q*y. Let r be x(y). Calculate the greatest common divisor of r and 129.
43
Suppose 3*i - 8*i + 380 = 0. Suppose i + 24 = -4*j. Let b be 25 + (24/(-10) - 10/j). Calculate the highest common factor of 23 and b.
23
Suppose 0 = 3*a - 4*q + 22, 0 = 2*a - 5*a + 3*q - 21. Let g(z) = z**3 + 7*z**2 + 4*z - 3. Let i be g(a). Calculate the highest common factor of i and 18.
9
Let x = 357 - 115. Let m be 942/14 + -1 + 16/(-56). Calculate the greatest common divisor of x and m.
22
Let m = 9266 + -8265. What is the greatest common divisor of 28 and m?
7
Let v = 18 - 18. Let c(a) = -a**2 - 3*a + 153. Let d be c(v). Let y be (d/(-2))/(2*(-1)/4). What is the highest common factor of 17 and y?
17
Suppose 0*d + d - 48 = 0. Let k be 11*(-864)/4158*-21. Calculate the greatest common factor of k and d.
48
Let p be (-5 - 36/(-4) - 4) + (-333)/(-3). What is the greatest common factor of p and 2257?
37
Let c(x) = -1369*x - 236. Let i be c(-4). What is the highest common divisor of i and 24?
8
Let j = -4184 + 4144. Let r(t) = -t + 7. Let y be r(7). Let l be (-1 - y - -10)*(j + 82). Calculate the highest common divisor of l and 42.
42
Suppose -z = 6, -8*z + 13023 = 3*l - 5*z. Calculate the highest common factor of l and 567.
189
Let b(m) = -33 - 3*m**2 + 25*m**3 + 15*m**2 + 3*m**2 - 24*m**3 + 3*m. Let v be b(-13). Calculate the highest common factor of 14 and v.
14
Let w(u) = -u**3 - 77*u**2 - 76*u + 10. Let g be w(-76). Let x be 2/(-5) + (-2208)/(-20). Calculate the greatest common factor of g and x.
10
Let q = 87 + -12. Let s = -5696 - -5741. What is the greatest common divisor of q and s?
15
Suppose -4*f - 14 = -2*r + 18, -2*f - 2 = 0. Let d = -2 - -6. Suppose 0 = d*t + t - 350. Calculate the highest common divisor of r and t.
14
Let v = -480 - -504. What is the highest common factor of 15 and v?
3
Let y be (140/(-6))/(104/117*(-3)/4). What is the greatest common factor of y and 2?
1
Suppose -13800 = 2792*p - 3068*p. Let d(g) = 3*g + 9. Let u be d(7). Calculate the greatest common factor of p and u.
10
Suppose 34*g - 260 = 30*g + 4*y, 262 = 4*g - 6*y. Calculate the greatest common divisor of g and 3.
1
Let l = 251 + -249. Suppose -2 + 8 = 3*f - 2*h, -l*f - 2*h + 4 = 0. Let i be (2 - (1 - -1)) + 2. What is the highest common divisor of i and f?
2
Let u = -37 - 77. Suppose 2*o = 4*j - 132 - 522, 2*j - 312 = 4*o. Let h = j + u. Calculate the greatest common factor of h and 13.
13
Let u be -4 - (1 + 1*14/(-2)). Suppose -l = l - 260. Suppose -4*h = p - u*h - 123, p = 5*h + l. What is the highest common divisor of p and 50?
25
Let b be (1 + (-368)/(-10))*1045/((-308)/(-28)). Calculate the greatest common divisor of b and 266.
133
Let v be 6/((-64750)/4984 - -13). Calculate the highest common divisor of v and 24.
8
Let n be ((-84)/21 + 320)/(3 - 1). Calculate the highest common factor of 711 and n.
79
Let j be 271461/369 - 1/(9/(-3)). What is the greatest common divisor of 920 and j?
184
Let i(y) = y**3 + 5. Let h be i(0). Suppose 2*p = 5*b + 123, -7*p + h*p = 2*b - 88. Calculate the highest common factor of p and 14.
7
Let a(m) = m**2 + m - 44. Let v(f) = 2*f**2 - 44. Let o(l) = -3*a(l) + 2*v(l). Let j be o(0). Let g = -32 - -36. Calculate the highest common factor of j and g.
4
Let g(x) = -x + 7. Let l be g(2). Suppose 0 = -w - l + 8. Let p = w + 2. Calculate the greatest common factor of 45 and p.
5
Let z(k) = k**2 - k - 54. Let d be z(0). Let w = -14 - d. Let f(m) = 5*m**2 + 11*m + 20. Let j be f(-3). What is the greatest common factor of w and j?
8
Suppose -6*x - 23 = -h - 3*x, -h + 24 = -2*x. Let o = h - 40. Let y = o + 30. Calculate the greatest common factor of y and 128.
16
Suppose -7 = 4*b + 2*s - 441, 0 = 2*b - 4*s - 222. What is the greatest common factor of 1 and b?
1
Let i be 0 + (-2)/(-14) + 3/21*1763. What is the greatest common factor of i and 441?
63
Let a(l) = l**2 - 17*l - 28. Let t be a(19). Suppose -224 = -t*y + 56. Calculate the greatest common divisor of 16 and y.
4
Let l = 39 - 35. Suppose -1512 = -10*z + l*z. Calculate the greatest common factor of 28 and z.
28
Let u(d) = d + 13. Let f be u(0). Let j be (2 - f)/(4/(-16)). Suppose 4*v = -4*s + 160, -3*v + 56 = 2*s - 20. What is the greatest common factor of j and s?
44
Let z(t) = -3*t - 17. Let h be z(-7). Suppose u + 4*o + 12 = 0, 2*o + 2*o = h*u - 52. Let d be 2/u - 717/(-12). What is the highest common divisor of 90 and d?
30
Let m = -74 + 104. Let s be 9/(27/48) - 5. Let g be 2/s - (-2465)/55. What is the greatest common factor of g and m?
15
Let b(o) = -o**3 + 47*o**2 - 134*o + 90. Let j be b(44). Suppose -r = r. Suppose -6 = -r*p - p. Calculate the highest common factor of j and p.
2
Let u = -51 + 79. Let n = -14180 + 14201. Calculate the highest common factor of n and u.
7
Let t = 7158 + -4246. What is the greatest common factor of t and 224?
224
Suppose -27 = -11*a + 6. Let r be a - 5 - (-3 + 2 + -3). Let d be r - (4/(-4) - 3). Calculate the greatest common factor of d and 2.
2
Let b = 330 + -185. Let u = b - 124. What is the greatest common divisor of 525 and u?
21
Suppose -1145 - 1043 = -4*z. Suppose n + 32 = 4*a + 180, -4*n + z = -a. Calculate the greatest common divisor of 170 and n.
34
Suppose 4*z - 144 - 131 = -5*b, 2*z = 3*b + 143. What is the greatest common factor of 128 and z?
2
Let n(o) = -2*o - 3*o + 3*o + o + 39. Let q be n(0). Suppose 15 = -4*w + q. Calculate the greatest common divisor of w and 66.
6
Let w(i) = i**3 + 7*i**2 - 78*i + 20. Let p be w(6). What is the highest common factor of 11180 and p?
20
Let c be (4/(-8))/(3/(-42)). Calculate the highest common divisor of c and 6979.
7
Suppose 2*p = -p + 108. Let a be 32/(-10) + 8/40. Let m be 9/a*(-7 + 2/(-2)). Calculate the greatest common divisor of m and p.
12
Let p be 118/2537 - (-43340)/86. What is the highest common factor of 560 and p?
56
Let l(p) = p**2 + 53*p - 126. Let n be l(-56). What is the highest common divisor of n and 132?
6
Suppose 3*u - 3*h - 1377 = 0, 2*u = -3*h - 0*h + 898. Let p = -420 + u. What is the highest common divisor of 10 and p?
5
Let d be (15 - 14)/(1/41). Let b = d + -35. Let m(f) = f**3 - 5*f**2 - 8. Let j be m(b). What is the highest common factor of 7 and j?
7
Let q(b) = 2*b**2 - 4*b - 10. Let r be q(4). Let y(c) = -c - 4. Let f be y(-2). Let a = f + 26. Calculate the greatest common factor of r and a.
6
Let u be 272/(((-33)/44*(-4)/3)/7). What is the highest common divisor of u and 224?
112
Suppose 0 = 2*k - 5*b + 23 + 52, -21 = k + 3*b. Let x = k - -41. Calculate the greatest common divisor of 99 and x.
11
Let b = 58 + -157. Let s be (-4 - -7)*(-166)/6. Let l = s - b. Calculate the highest common factor of 16 and l.
16
Let m(h) = 8*h - 201. Let p be m(22). Let l be (5512/(-30) - 10/p)*-3. Calculate the greatest common factor of l and 50.
50
Let t = 2 + -2. Let r be (2/(-3) - t)*-9. Let i(y) = -233*y - 908. Let o be i(-4). What is the greatest common factor of o and r?
6
Suppose 380 = 7*d - 2*d. Let i = 75 - d. Let j be (i/(2/(-36)))/((-63)/(-63)). What is the greatest common factor of 72 and j?
18
Suppose -32 = -3*g + 4*u, -4*g = u - 74 + 25. Let o(t) = -2*t**3 + 24*t**2 + 10*t - 32. Let y be o(g). What is the highest common factor of 110 and y?
22
Let m be -5 - (2 + 23/(-4))/(27/72). Let z be 5*3/((-6)/(-94)). What is the highest common factor o